{"version":"1.0","provider_name":"@Arhammar bokstavligen","provider_url":"https:\/\/www.arhammar.se\/blog","author_name":"Anders Arhammar","author_url":"https:\/\/www.arhammar.se\/blog\/author\/anders\/","title":"Onsdag den 10 juli 1912. Den ot\u00e4cka slaktaren. - @Arhammar bokstavligen","type":"rich","width":600,"height":338,"html":"<blockquote class=\"wp-embedded-content\" data-secret=\"jGFss6O1Az\"><a href=\"https:\/\/www.arhammar.se\/blog\/onsdag-den-10-juli-1912-den-otacka-slaktaren\/\">Onsdag den 10 juli 1912. Den ot\u00e4cka slaktaren.<\/a><\/blockquote><iframe sandbox=\"allow-scripts\" security=\"restricted\" src=\"https:\/\/www.arhammar.se\/blog\/onsdag-den-10-juli-1912-den-otacka-slaktaren\/embed\/#?secret=jGFss6O1Az\" width=\"600\" height=\"338\" title=\"&#8220;Onsdag den 10 juli 1912. Den ot\u00e4cka slaktaren.&#8221; &#8212; @Arhammar bokstavligen\" data-secret=\"jGFss6O1Az\" frameborder=\"0\" marginwidth=\"0\" marginheight=\"0\" scrolling=\"no\" class=\"wp-embedded-content\"><\/iframe><script type=\"text\/javascript\">\n\/* <![CDATA[ *\/\n\/*! This file is auto-generated *\/\n!function(d,l){\"use strict\";l.querySelector&&d.addEventListener&&\"undefined\"!=typeof URL&&(d.wp=d.wp||{},d.wp.receiveEmbedMessage||(d.wp.receiveEmbedMessage=function(e){var t=e.data;if((t||t.secret||t.message||t.value)&&!\/[^a-zA-Z0-9]\/.test(t.secret)){for(var s,r,n,a=l.querySelectorAll('iframe[data-secret=\"'+t.secret+'\"]'),o=l.querySelectorAll('blockquote[data-secret=\"'+t.secret+'\"]'),c=new RegExp(\"^https?:$\",\"i\"),i=0;i<o.length;i++)o[i].style.display=\"none\";for(i=0;i<a.length;i++)s=a[i],e.source===s.contentWindow&&(s.removeAttribute(\"style\"),\"height\"===t.message?(1e3<(r=parseInt(t.value,10))?r=1e3:~~r<200&&(r=200),s.height=r):\"link\"===t.message&&(r=new URL(s.getAttribute(\"src\")),n=new URL(t.value),c.test(n.protocol))&&n.host===r.host&&l.activeElement===s&&(d.top.location.href=t.value))}},d.addEventListener(\"message\",d.wp.receiveEmbedMessage,!1),l.addEventListener(\"DOMContentLoaded\",function(){for(var e,t,s=l.querySelectorAll(\"iframe.wp-embedded-content\"),r=0;r<s.length;r++)(t=(e=s[r]).getAttribute(\"data-secret\"))||(t=Math.random().toString(36).substring(2,12),e.src+=\"#?secret=\"+t,e.setAttribute(\"data-secret\",t)),e.contentWindow.postMessage({message:\"ready\",secret:t},\"*\")},!1)))}(window,document);\n\/\/# sourceURL=https:\/\/www.arhammar.se\/blog\/wp-includes\/js\/wp-embed.min.js\n\/* ]]> *\/\n<\/script>\n","thumbnail_url":"https:\/\/www.arhammar.se\/blog\/wp-content\/uploads\/2020\/02\/dbjannekusk.jpg","thumbnail_width":640,"thumbnail_height":480,"description":"Vad vi hade livat ig\u00e5r kv\u00e4ll. Vi gingo \u00e4nda till &#8220;Hoxter\u00e4ngen&#8221; och m\u00f6tte Axel, som kom fr\u00e5n Ottebol. Jag fick st\u00e5 bak och k\u00f6ra det var v\u00e4ldigt skoj. Vid Bergbacken k\u00f6rde vi ikapp Naemi och Greta som g\u00e5tt tillbaka. Vid skolhuset sutto Elin och Selma samt Verner, Carl, \u201dArve&#8221; och Albin och skojade. Vi k\u00f6rde [&hellip;]"}

Onsdag den 10 juli 1912. Den otäcka slaktaren. - @Arhammar bokstavligen

<blockquote class="wp-embedded-content" data-secret="jGFss6O1Az"><a href="https://www.arhammar.se/blog/onsdag-den-10-juli-1912-den-otacka-slaktaren/">Onsdag den 10 juli 1912. Den otäcka slaktaren.</a></blockquote><iframe sandbox="allow-scripts" security="restricted" src="https://www.arhammar.se/blog/onsdag-den-10-juli-1912-den-otacka-slaktaren/embed/#?secret=jGFss6O1Az" width="600" height="338" title="&#8220;Onsdag den 10 juli 1912. Den otäcka slaktaren.&#8221; &#8212; @Arhammar bokstavligen" data-secret="jGFss6O1Az" frameborder="0" marginwidth="0" marginheight="0" scrolling="no" class="wp-embedded-content"></iframe><script type="text/javascript">
/* <![CDATA[ */
/*! This file is auto-generated */
!function(d,l){"use strict";l.querySelector&&d.addEventListener&&"undefined"!=typeof URL&&(d.wp=d.wp||{},d.wp.receiveEmbedMessage||(d.wp.receiveEmbedMessage=function(e){var t=e.data;if((t||t.secret||t.message||t.value)&&!/[^a-zA-Z0-9]/.test(t.secret)){for(var s,r,n,a=l.querySelectorAll('iframe[data-secret="'+t.secret+'"]'),o=l.querySelectorAll('blockquote[data-secret="'+t.secret+'"]'),c=new RegExp("^https?:$","i"),i=0;i<o.length;i++)o[i].style.display="none";for(i=0;i<a.length;i++)s=a[i],e.source===s.contentWindow&&(s.removeAttribute("style"),"height"===t.message?(1e3<(r=parseInt(t.value,10))?r=1e3:~~r<200&&(r=200),s.height=r):"link"===t.message&&(r=new URL(s.getAttribute("src")),n=new URL(t.value),c.test(n.protocol))&&n.host===r.host&&l.activeElement===s&&(d.top.location.href=t.value))}},d.addEventListener("message",d.wp.receiveEmbedMessage,!1),l.addEventListener("DOMContentLoaded",function(){for(var e,t,s=l.querySelectorAll("iframe.wp-embedded-content"),r=0;r<s.length;r++)(t=(e=s[r]).getAttribute("data-secret"))||(t=Math.random().toString(36).substring(2,12),e.src+="#?secret="+t,e.setAttribute("data-secret",t)),e.contentWindow.postMessage({message:"ready",secret:t},"*")},!1)))}(window,document);
//# sourceURL=https://www.arhammar.se/blog/wp-includes/js/wp-embed.min.js
/* ]]> */
</script>

Vad vi hade livat igår kväll. Vi gingo ända till &#8220;Hoxterängen&#8221; och mötte Axel, som kom från Ottebol. Jag fick stå bak och köra det var väldigt skoj. Vid Bergbacken körde vi ikapp Naemi och Greta som gått tillbaka. Vid skolhuset sutto Elin och Selma samt Verner, Carl, ”Arve&#8221; och Albin och skojade. Vi körde [&hellip;]
